{"id":5822,"date":"2022-10-18T09:22:38","date_gmt":"2022-10-18T09:22:38","guid":{"rendered":"https:\/\/demo.ovatheme.com\/spoclub\/?page_id=3"},"modified":"2024-04-23T15:18:32","modified_gmt":"2024-04-23T16:18:32","slug":"termo-de-uso","status":"publish","type":"page","link":"https:\/\/predio.cv\/index.php\/termo-de-uso\/","title":{"rendered":"Termo de Uso"},"content":{"rendered":"\r\n\r\n\r\n<p>A presta\u00e7\u00e3o de servi\u00e7os\u00a0 est\u00e1 sujeita \u00e0s condi\u00e7\u00f5es listadas nesta p\u00e1gina, ao visitar ou efetuar um pagamento na plataforma, voc\u00ea automaticamente aceita essas condi\u00e7\u00f5es, visto que elas detalham o que nossos utilizadores podem esperar de n\u00f3s e o que esperamos de si, leia-as com aten\u00e7\u00e3o uma vez que ao acessar qualquer se\u00e7\u00e3o da plataforma, voc\u00ea aceita o contrato vinculante e os termos estabelecidos abaixo.<\/p>\r\n\r\n\r\n\r\n<h2 class=\"wp-block-heading\">Conte\u00fados, fotos, descri\u00e7\u00f5es e afins<\/h2>\r\n\r\n\r\n\r\n<p>Todo o material e informa\u00e7\u00e3o apresentados na plataforma se destinam a ser utilizado para fins informativos e descri\u00e7\u00e3o sobre servi\u00e7os prestados. Todo o design do site, incluindo os textos, os gr\u00e1ficos, os log\u00f3tipos, os \u00edcones, as imagens e os v\u00eddeos, bem como a sele\u00e7\u00e3o e organiza\u00e7\u00e3o dos mesmos s\u00e3o de propriedade da Associa\u00e7\u00e3o Desportiva Recreativa e Cultural PR\u00c9DIO, e n\u00e3o \u00e9 permitido copi\u00e1-los ou reproduzi-los para fins comerciais sem a pr\u00e9via autoriza\u00e7\u00e3o da plataforma.<\/p>\r\n\r\n\r\n\r\n<p>O uso deste site est\u00e1 sujeito a estes termos e condi\u00e7\u00f5es. Esta plataforma \u00e9 uma loja online de pagamentos, portanto ela n\u00e3o acompanha, aprova ou tem qualquer controle sobre qualquer conte\u00fado de terceiro, e n\u00e3o garante, endossa ou aprova com precis\u00e3o ou integridade de qualquer conte\u00fado de terceiro, ou seja,n\u00e3o nos responsabilizamos por nenhum ato de terceiros.<\/p>\r\n\r\n\r\n\r\n\r\n\r\n<h2 class=\"wp-block-heading\">Prote\u00e7\u00e3o \u00e0 fraude e atividades n\u00e3o autorizadas<\/h2>\r\n\r\n\r\n\r\n<p>Como parte dos nossos procedimentos de prote\u00e7\u00e3o contra fraude ou outros tipos de atividades n\u00e3o autorizadas, nos reservamos ao direito de recusar o processamento de uma transa\u00e7\u00e3o, devido \u00e0 suspeita de fraude, ato il\u00edcito ou atividade ilegal. Caso ocorra alguma suspeita, podemos rejeitar o seu pedido e cancelar o seu pagamento, sem aviso pr\u00e9vio, e podemos entrar em contato consigo no n\u00famero de telefone ou email fornecido no cadastro para confirmar os seus dados. A Associa\u00e7\u00e3o Desportiva Recreativa e Cultural PR\u00c9DIO toma estas medidas para proteger os seus utilizadores, bem como se proteger de fraude ou atividades n\u00e3o autorizadas, e todos esses procedimentos ser\u00e3o realizados sem aviso pr\u00e9vio ao utilizadores.<\/p>\r\n\r\n\r\n","protected":false},"excerpt":{"rendered":"<p>A presta\u00e7\u00e3o de servi\u00e7os\u00a0 est\u00e1 sujeita \u00e0s condi\u00e7\u00f5es listadas nesta p\u00e1gina, ao visitar ou efetuar um pagamento na plataforma, voc\u00ea automaticamente aceita essas condi\u00e7\u00f5es, visto que elas detalham o que nossos utilizadores podem esperar de n\u00f3s e o que esperamos de si, leia-as com aten\u00e7\u00e3o uma vez que ao acessar qualquer se\u00e7\u00e3o da plataforma, voc\u00ea [&hellip;]<\/p>\n","protected":false},"author":1,"featured_media":0,"parent":0,"menu_order":0,"comment_status":"closed","ping_status":"open","template":"","meta":{"_monsterinsights_skip_tracking":false,"_monsterinsights_sitenote_active":false,"_monsterinsights_sitenote_note":"","_monsterinsights_sitenote_category":0,"footnotes":""},"wpcf_dashboard":"<div class=\"woocommerce\"><div class=\"woocommerce-info\">Please log in first? <a class=\"wpneoShowLogin\" href=\"#\">Click here to login<\/a><\/div><div class=\"wpneo_login_form_div\" style=\"display: none;\"><form name=\"loginform\" id=\"loginform\" action=\"https:\/\/predio.cv\/wp-login.php\" method=\"post\"><p class=\"login-username\">\n\t\t\t\t<label for=\"user_login\">Nome de utilizador ou endere\u00e7o de email<\/label>\n\t\t\t\t<input type=\"text\" name=\"log\" id=\"user_login\" autocomplete=\"username\" class=\"input\" value=\"\" size=\"20\" \/>\n\t\t\t<\/p><p class=\"login-password\">\n\t\t\t\t<label for=\"user_pass\">Senha<\/label>\n\t\t\t\t<input type=\"password\" name=\"pwd\" id=\"user_pass\" autocomplete=\"current-password\" spellcheck=\"false\" class=\"input\" value=\"\" size=\"20\" \/>\n\t\t\t<\/p><p class=\"login-remember\"><label><input name=\"rememberme\" type=\"checkbox\" id=\"rememberme\" value=\"forever\" \/> Manter sess\u00e3o<\/label><\/p><p class=\"login-submit\">\n\t\t\t\t<input type=\"submit\" name=\"wp-submit\" id=\"wp-submit\" class=\"button button-primary\" value=\"Iniciar sess\u00e3o\" \/>\n\t\t\t\t<input type=\"hidden\" name=\"redirect_to\" value=\"https:\/\/predio.cv\/index.php\/wp-json\/wp\/v2\/pages\/5822\" \/>\n\t\t\t<\/p><\/form><\/div><\/div>","_links":{"self":[{"href":"https:\/\/predio.cv\/index.php\/wp-json\/wp\/v2\/pages\/5822"}],"collection":[{"href":"https:\/\/predio.cv\/index.php\/wp-json\/wp\/v2\/pages"}],"about":[{"href":"https:\/\/predio.cv\/index.php\/wp-json\/wp\/v2\/types\/page"}],"author":[{"embeddable":true,"href":"https:\/\/predio.cv\/index.php\/wp-json\/wp\/v2\/users\/1"}],"replies":[{"embeddable":true,"href":"https:\/\/predio.cv\/index.php\/wp-json\/wp\/v2\/comments?post=5822"}],"version-history":[{"count":6,"href":"https:\/\/predio.cv\/index.php\/wp-json\/wp\/v2\/pages\/5822\/revisions"}],"predecessor-version":[{"id":6264,"href":"https:\/\/predio.cv\/index.php\/wp-json\/wp\/v2\/pages\/5822\/revisions\/6264"}],"wp:attachment":[{"href":"https:\/\/predio.cv\/index.php\/wp-json\/wp\/v2\/media?parent=5822"}],"curies":[{"name":"wp","href":"https:\/\/api.w.org\/{rel}","templated":true}]}}