{"id":6212,"date":"2024-04-14T14:25:16","date_gmt":"2024-04-14T15:25:16","guid":{"rendered":"https:\/\/predio.cv\/?page_id=6212"},"modified":"2024-05-01T17:28:32","modified_gmt":"2024-05-01T18:28:32","slug":"causas","status":"publish","type":"page","link":"https:\/\/predio.cv\/index.php\/causas\/","title":{"rendered":"Causas"},"content":{"rendered":"\t\t<div data-elementor-type=\"wp-page\" data-elementor-id=\"6212\" class=\"elementor elementor-6212\" data-elementor-post-type=\"page\">\n\t\t\t\t\t\t<section class=\"elementor-section elementor-top-section elementor-element elementor-element-9068336 elementor-section-full_width elementor-section-stretched elementor-section-height-default elementor-section-height-default\" data-id=\"9068336\" data-element_type=\"section\" data-settings=\"{&quot;stretch_section&quot;:&quot;section-stretched&quot;}\">\n\t\t\t\t\t\t\t<div class=\"elementor-background-overlay\"><\/div>\n\t\t\t\t\t\t\t<div class=\"elementor-container elementor-column-gap-no\">\n\t\t\t\t\t<div class=\"elementor-column elementor-col-100 elementor-top-column elementor-element elementor-element-9634c32\" data-id=\"9634c32\" data-element_type=\"column\">\n\t\t\t<div class=\"elementor-widget-wrap elementor-element-populated\">\n\t\t\t\t\t\t<div class=\"elementor-element elementor-element-78ea3a3 elementor-widget elementor-widget-spoclub_elementor_header_banner\" data-id=\"78ea3a3\" data-element_type=\"widget\" data-widget_type=\"spoclub_elementor_header_banner.default\">\n\t\t\t\t<div class=\"elementor-widget-container\">\n\t\t\t\t\t \t<!-- Display when you choose background per Post -->\r\n\t\t \t<div class=\"wrap_header_banner bg_feature_img center \" style=\"background: url(  )\"  >\r\n\r\n\t\t \t\t<div class=\"row_site\"><div class=\"container_site\">\t\t\t \t\r\n\t\t\t\t \t<div class=\"cover_color\"><\/div>\r\n\r\n\t\t\t\t\t<div class=\"header_banner_el \">\r\n\t\t\t\t\t\t\r\n\t\t\t\t\t\t\t\t\t\t\t\t\t\r\n\t\t\t\t\t\t\t\r\n\t\t\t\t\t\t\t\t\t\t\t\t\t\t<h1 class=\" header_title\">\r\n\t\t\t\t\t\t\t\t\t\t\t\t\t\t\t<\/h1>\r\n\t\t\t\t\t\t\t\t\r\n\t\t\t\t\t\t\r\n\r\n\t\t\t\t\t\t\t\t\t\t\t\t\t<div class=\"header_breadcrumbs\">\r\n\t\t\t\t\t\t\t\t<div id=\"breadcrumbs\"><ul class=\"breadcrumb\"><li><a href=\"https:\/\/predio.cv\/\" title=\"Home\">Home<\/a><\/li> <li class=\"li_separator\"><span class=\"separator\"><i class=\"ovaicon-next\"><\/i><\/span><\/li><li>P\u00e1gina<\/li><\/ul><\/div>\t\t\t\t\t\t\t<\/div>\r\n\t\t\t\t\t\t\r\n\t\t\t\t\t<\/div>\r\n\r\n\t\t\t\t <\/div><\/div> \r\n\t\t\t<\/div>\r\n\t\t\t\t<\/div>\n\t\t\t\t<\/div>\n\t\t\t\t\t<\/div>\n\t\t<\/div>\n\t\t\t\t\t<\/div>\n\t\t<\/section>\n\t\t\t\t<section class=\"elementor-section elementor-top-section elementor-element elementor-element-ee90cdd elementor-section-boxed elementor-section-height-default elementor-section-height-default\" data-id=\"ee90cdd\" data-element_type=\"section\" data-settings=\"{&quot;background_background&quot;:&quot;classic&quot;}\">\n\t\t\t\t\t\t<div class=\"elementor-container elementor-column-gap-no\">\n\t\t\t\t\t<div class=\"elementor-column elementor-col-100 elementor-top-column elementor-element elementor-element-7c08407\" data-id=\"7c08407\" data-element_type=\"column\">\n\t\t\t<div class=\"elementor-widget-wrap elementor-element-populated\">\n\t\t\t\t\t\t<div class=\"elementor-element elementor-element-207b6a5 elementor-widget elementor-widget-spoclub_elementor_heading\" data-id=\"207b6a5\" data-element_type=\"widget\" data-widget_type=\"spoclub_elementor_heading.default\">\n\t\t\t\t<div class=\"elementor-widget-container\">\n\t\t\t\r\n\t\t<div class=\"ova-title\">\r\n\r\n\t\t\t\t\t\t\t\r\n\t\t\t\t<h3 class=\"sub-title\">VEJA AS NOSSAS CAUSAS<\/h3>\r\n\t\t\t\r\n\t\t\t\r\n\t\t\t\r\n\t\t\t\t\t\r\n\t\t\t\t\t\t\t<h2 class=\"title\">Cada doa\u00e7\u00e3o \u00e9 essencial para ajudar as nossas causas<\/h2>\r\n\r\n\t\t\t\t\t\r\n\t\t\t\r\n\t\t\t\t\t\t\t<div class=\"line-box\">\r\n\t\t\t\t\t<div class=\"line-top\"><\/div>\r\n\t\t\t\t<\/div>\r\n\t\t\t\t\r\n\t\t\t\r\n\t\t<\/div>\r\n\r\n\t\t\t\t<\/div>\n\t\t\t\t<\/div>\n\t\t\t\t<div class=\"elementor-element elementor-element-6760ed5 elementor-widget elementor-widget-text-editor\" data-id=\"6760ed5\" data-element_type=\"widget\" data-widget_type=\"text-editor.default\">\n\t\t\t\t<div class=\"elementor-widget-container\">\n\t\t\t<style>\/*! elementor - v3.20.0 - 10-04-2024 *\/\n.elementor-widget-text-editor.elementor-drop-cap-view-stacked .elementor-drop-cap{background-color:#69727d;color:#fff}.elementor-widget-text-editor.elementor-drop-cap-view-framed .elementor-drop-cap{color:#69727d;border:3px solid;background-color:transparent}.elementor-widget-text-editor:not(.elementor-drop-cap-view-default) .elementor-drop-cap{margin-top:8px}.elementor-widget-text-editor:not(.elementor-drop-cap-view-default) .elementor-drop-cap-letter{width:1em;height:1em}.elementor-widget-text-editor .elementor-drop-cap{float:left;text-align:center;line-height:1;font-size:50px}.elementor-widget-text-editor .elementor-drop-cap-letter{display:inline-block}<\/style>\t\t\t\t<p>PR\u00c9DIO Solid\u00e1rio\u00a0<em>\u00e9<\/em> um programa de Mobiliza\u00e7\u00e3o Solid\u00e1ria Nacional e Internacional para implementar da pol\u00edtica de refor\u00e7o de coes\u00e3o social e melhorar as condi\u00e7\u00f5es de vida das pessoas ou personalidades que contribu\u00edram para o desenvolvimento da nossa Associa\u00e7\u00e3o.<\/p>\t\t\t\t\t\t<\/div>\n\t\t\t\t<\/div>\n\t\t\t\t\t<\/div>\n\t\t<\/div>\n\t\t\t\t\t<\/div>\n\t\t<\/section>\n\t\t<div class=\"elementor-element elementor-element-866a509 e-flex e-con-boxed e-con e-parent\" data-id=\"866a509\" data-element_type=\"container\" data-core-v316-plus=\"true\">\n\t\t\t\t\t<div class=\"e-con-inner\">\n\t\t\t\t<div class=\"elementor-element elementor-element-52c9837 elementor-widget elementor-widget-shortcode\" data-id=\"52c9837\" data-element_type=\"widget\" data-widget_type=\"shortcode.default\">\n\t\t\t\t<div class=\"elementor-widget-container\">\n\t\t\t\t\t<div class=\"elementor-shortcode\">\n<div class=\"wpneo-wrapper\">\n    <div class=\"wpneo-container\">\n                <div class=\"wpneo-wrapper-inner\">\n                                                <div class=\"wpneo-listings three first\">\n                        <div class=\"wpneo-listing-img\">\n    <a href=\"https:\/\/predio.cv\/index.php\/\/produto\/construcao-da-sede\/\" title=\"Constru\u00e7\u00e3o da SEDE\"> <img fetchpriority=\"high\" decoding=\"async\" width=\"360\" height=\"240\" src=\"https:\/\/predio.cv\/wp-content\/uploads\/2024\/04\/IMG_6345-360x240.jpg\" class=\"attachment-woocommerce_thumbnail size-woocommerce_thumbnail\" alt=\"\" srcset=\"https:\/\/predio.cv\/wp-content\/uploads\/2024\/04\/IMG_6345-360x240.jpg 360w, https:\/\/predio.cv\/wp-content\/uploads\/2024\/04\/IMG_6345-300x200.jpg 300w, https:\/\/predio.cv\/wp-content\/uploads\/2024\/04\/IMG_6345-1024x683.jpg 1024w, https:\/\/predio.cv\/wp-content\/uploads\/2024\/04\/IMG_6345-768x512.jpg 768w, https:\/\/predio.cv\/wp-content\/uploads\/2024\/04\/IMG_6345-1536x1024.jpg 1536w, https:\/\/predio.cv\/wp-content\/uploads\/2024\/04\/IMG_6345-2048x1365.jpg 2048w, https:\/\/predio.cv\/wp-content\/uploads\/2024\/04\/IMG_6345-128x85.jpg 128w, https:\/\/predio.cv\/wp-content\/uploads\/2024\/04\/IMG_6345-32x21.jpg 32w, https:\/\/predio.cv\/wp-content\/uploads\/2024\/04\/IMG_6345-640x427.jpg 640w\" sizes=\"(max-width: 360px) 100vw, 360px\" \/><\/a>\n    <div class=\"overlay\">\n\t\t<div>\n\t\t\t<div>\n\t\t\t\t<a href=\"https:\/\/predio.cv\/index.php\/\/produto\/construcao-da-sede\/\">View Campaign<\/a>\n\t\t\t<\/div>\n\t\t<\/div>\n\t<\/div>\n<\/div>                        <div class=\"wpneo-listing-content\">\n                            <div class=\"woocommerce\"><\/div><h4><a href=\"https:\/\/predio.cv\/index.php\/\/produto\/construcao-da-sede\/ \">Constru\u00e7\u00e3o da SEDE<\/a><\/h4>\n<p class=\"wpneo-author\">by \n\t<a href=\"\/index.php\/wp-json\/wp\/v2\/pages\/6212?author=predio_user\">predio_user<\/a>\n<\/p>    <div class=\"wpneo-location\">\n        <i class=\"wpneo-icon wpneo-icon-location\"><\/i>\n        <div class=\"wpneo-meta-desc\">Praia, Cabo Verde<\/div>\n    <\/div>\n    <p class=\"wpneo-short-description\">teste doacao<\/p>\n<div class=\"wpneo-raised-percent\">\n    <div class=\"wpneo-meta-name\">Raised Percent :<\/div>\n    <div class=\"wpneo-meta-desc\" >0%<\/div>\n<\/div>\n\n<div class=\"wpneo-raised-bar\">\n    <div id=\"neo-progressbar\">\n                <div style=\"width: 0%\"><\/div>\n    <\/div>\n<\/div>\n<div class=\"wpneo-funding-data\">\n\t<div class=\"wpneo-funding-goal\">\n\t\t<div class=\"wpneo-meta-desc\"><span class=\"woocommerce-Price-amount amount\"><bdi><span class=\"woocommerce-Price-currencySymbol\">&#36;<\/span>0.00<\/bdi><\/span><\/div>\n\t    <div class=\"wpneo-meta-name\">Funding Goal<\/div>\n\t<\/div>\n\t<div class=\"wpneo-fund-raised\">\n\t\t<div class=\"wpneo-meta-desc\"><span class=\"woocommerce-Price-amount amount\"><bdi><span class=\"woocommerce-Price-currencySymbol\">&#36;<\/span>0.00<\/bdi><\/span><\/div>\n\t    <div class=\"wpneo-meta-name\">Fund Raised<\/div>\n\t<\/div>\n<\/div><!--div class=\"wpneo-listing-buttons\">\n    <a href=\"< ?php echo get_permalink(); ? >\" class=\"btn-details\">< ?php echo __('Campaign Details', 'wp-crowdfunding'); ? ><\/a>\n<\/div-->                        <\/div>\n                                            <\/div>\n                                    <div class=\"wpneo-listings three \">\n                        <div class=\"wpneo-listing-img\">\n    <a href=\"https:\/\/predio.cv\/index.php\/\/produto\/campanha-nosso-clube\/\" title=\"Campanha Nosso Clube\"> <img decoding=\"async\" width=\"360\" height=\"240\" src=\"https:\/\/predio.cv\/wp-content\/uploads\/2024\/04\/DSC0112-360x240.jpg\" class=\"attachment-woocommerce_thumbnail size-woocommerce_thumbnail\" alt=\"\" srcset=\"https:\/\/predio.cv\/wp-content\/uploads\/2024\/04\/DSC0112-360x240.jpg 360w, https:\/\/predio.cv\/wp-content\/uploads\/2024\/04\/DSC0112-300x200.jpg 300w, https:\/\/predio.cv\/wp-content\/uploads\/2024\/04\/DSC0112-768x513.jpg 768w, https:\/\/predio.cv\/wp-content\/uploads\/2024\/04\/DSC0112-128x85.jpg 128w, https:\/\/predio.cv\/wp-content\/uploads\/2024\/04\/DSC0112-32x21.jpg 32w, https:\/\/predio.cv\/wp-content\/uploads\/2024\/04\/DSC0112-640x427.jpg 640w, https:\/\/predio.cv\/wp-content\/uploads\/2024\/04\/DSC0112.jpg 800w\" sizes=\"(max-width: 360px) 100vw, 360px\" \/><\/a>\n    <div class=\"overlay\">\n\t\t<div>\n\t\t\t<div>\n\t\t\t\t<a href=\"https:\/\/predio.cv\/index.php\/\/produto\/campanha-nosso-clube\/\">View Campaign<\/a>\n\t\t\t<\/div>\n\t\t<\/div>\n\t<\/div>\n<\/div>                        <div class=\"wpneo-listing-content\">\n                            <div class=\"woocommerce\"><\/div><h4><a href=\"https:\/\/predio.cv\/index.php\/\/produto\/campanha-nosso-clube\/ \">Campanha Nosso Clube<\/a><\/h4>\n<p class=\"wpneo-author\">by \n\t<a href=\"\/index.php\/wp-json\/wp\/v2\/pages\/6212?author=predio_user\">predio_user<\/a>\n<\/p>    <div class=\"wpneo-location\">\n        <i class=\"wpneo-icon wpneo-icon-location\"><\/i>\n        <div class=\"wpneo-meta-desc\">Praia, Cabo Verde<\/div>\n    <\/div>\n<div class=\"wpneo-raised-percent\">\n    <div class=\"wpneo-meta-name\">Raised Percent :<\/div>\n    <div class=\"wpneo-meta-desc\" >0%<\/div>\n<\/div>\n\n<div class=\"wpneo-raised-bar\">\n    <div id=\"neo-progressbar\">\n                <div style=\"width: 0%\"><\/div>\n    <\/div>\n<\/div>\n<div class=\"wpneo-funding-data\">\n\t<div class=\"wpneo-funding-goal\">\n\t\t<div class=\"wpneo-meta-desc\"><span class=\"woocommerce-Price-amount amount\"><bdi><span class=\"woocommerce-Price-currencySymbol\">&#36;<\/span>0.00<\/bdi><\/span><\/div>\n\t    <div class=\"wpneo-meta-name\">Funding Goal<\/div>\n\t<\/div>\n\t<div class=\"wpneo-fund-raised\">\n\t\t<div class=\"wpneo-meta-desc\"><span class=\"woocommerce-Price-amount amount\"><bdi><span class=\"woocommerce-Price-currencySymbol\">&#36;<\/span>0.00<\/bdi><\/span><\/div>\n\t    <div class=\"wpneo-meta-name\">Fund Raised<\/div>\n\t<\/div>\n<\/div><!--div class=\"wpneo-listing-buttons\">\n    <a href=\"< ?php echo get_permalink(); ? >\" class=\"btn-details\">< ?php echo __('Campaign Details', 'wp-crowdfunding'); ? ><\/a>\n<\/div-->                        <\/div>\n                                            <\/div>\n                                    <\/div>\n        <div class=\"wpneo-pagination\">\n    <\/div>    <\/div>\n<\/div><\/div>\n\t\t\t\t<\/div>\n\t\t\t\t<\/div>\n\t\t\t\t\t<\/div>\n\t\t\t\t<\/div>\n\t\t\t\t<\/div>\n\t\t","protected":false},"excerpt":{"rendered":"<p>Home P\u00e1gina VEJA AS NOSSAS CAUSAS Cada doa\u00e7\u00e3o \u00e9 essencial para ajudar as nossas causas PR\u00c9DIO Solid\u00e1rio\u00a0\u00e9 um programa de Mobiliza\u00e7\u00e3o Solid\u00e1ria Nacional e Internacional para implementar da pol\u00edtica de refor\u00e7o de coes\u00e3o social e melhorar as condi\u00e7\u00f5es de vida das pessoas ou personalidades que contribu\u00edram para o desenvolvimento da nossa Associa\u00e7\u00e3o.<\/p>\n","protected":false},"author":1,"featured_media":0,"parent":0,"menu_order":0,"comment_status":"closed","ping_status":"closed","template":"elementor_header_footer","meta":{"_monsterinsights_skip_tracking":false,"_monsterinsights_sitenote_active":false,"_monsterinsights_sitenote_note":"","_monsterinsights_sitenote_category":0,"footnotes":""},"wpcf_dashboard":"<div class=\"woocommerce\"><div class=\"woocommerce-info\">Please log in first? <a class=\"wpneoShowLogin\" href=\"#\">Click here to login<\/a><\/div><div class=\"wpneo_login_form_div\" style=\"display: none;\"><form name=\"loginform\" id=\"loginform\" action=\"https:\/\/predio.cv\/wp-login.php\" method=\"post\"><p class=\"login-username\">\n\t\t\t\t<label for=\"user_login\">Nome de utilizador ou endere\u00e7o de email<\/label>\n\t\t\t\t<input type=\"text\" name=\"log\" id=\"user_login\" autocomplete=\"username\" class=\"input\" value=\"\" size=\"20\" \/>\n\t\t\t<\/p><p class=\"login-password\">\n\t\t\t\t<label for=\"user_pass\">Senha<\/label>\n\t\t\t\t<input type=\"password\" name=\"pwd\" id=\"user_pass\" autocomplete=\"current-password\" spellcheck=\"false\" class=\"input\" value=\"\" size=\"20\" \/>\n\t\t\t<\/p><p class=\"login-remember\"><label><input name=\"rememberme\" type=\"checkbox\" id=\"rememberme\" value=\"forever\" \/> Manter sess\u00e3o<\/label><\/p><p class=\"login-submit\">\n\t\t\t\t<input type=\"submit\" name=\"wp-submit\" id=\"wp-submit\" class=\"button button-primary\" value=\"Iniciar sess\u00e3o\" \/>\n\t\t\t\t<input type=\"hidden\" name=\"redirect_to\" value=\"https:\/\/predio.cv\/index.php\/wp-json\/wp\/v2\/pages\/6212\" \/>\n\t\t\t<\/p><\/form><\/div><\/div>","_links":{"self":[{"href":"https:\/\/predio.cv\/index.php\/wp-json\/wp\/v2\/pages\/6212"}],"collection":[{"href":"https:\/\/predio.cv\/index.php\/wp-json\/wp\/v2\/pages"}],"about":[{"href":"https:\/\/predio.cv\/index.php\/wp-json\/wp\/v2\/types\/page"}],"author":[{"embeddable":true,"href":"https:\/\/predio.cv\/index.php\/wp-json\/wp\/v2\/users\/1"}],"replies":[{"embeddable":true,"href":"https:\/\/predio.cv\/index.php\/wp-json\/wp\/v2\/comments?post=6212"}],"version-history":[{"count":20,"href":"https:\/\/predio.cv\/index.php\/wp-json\/wp\/v2\/pages\/6212\/revisions"}],"predecessor-version":[{"id":7050,"href":"https:\/\/predio.cv\/index.php\/wp-json\/wp\/v2\/pages\/6212\/revisions\/7050"}],"wp:attachment":[{"href":"https:\/\/predio.cv\/index.php\/wp-json\/wp\/v2\/media?parent=6212"}],"curies":[{"name":"wp","href":"https:\/\/api.w.org\/{rel}","templated":true}]}}